alculate the highest common factor of 106851537 and 34515.
6903
What is the highest common factor of 344632012 and 2272?
284
What is the greatest common factor of 3735 and 5406?
3
Calculate the greatest common factor of 5127808 and 194.
194
What is the highest common divisor of 2709 and 1225070?
301
Calculate the greatest common divisor of 10681 and 113641.
11
Calculate the greatest common factor of 50750 and 6447280.
2030
Calculate the greatest common divisor of 5459 and 38419.
103
Calculate the highest common divisor of 2241 and 3572181.
27
What is the highest common factor of 4048 and 5339664?
176
Calculate the highest common factor of 11415700 and 300.
100
Calculate the greatest common factor of 1953 and 77805.
63
Calculate the greatest common factor of 24842661 and 153.
51
Calculate the greatest common factor of 834717 and 5304.
663
Calculate the greatest common divisor of 605575 and 135.
5
Calculate the greatest common factor of 1152988177 and 2697.
899
Calculate the greatest common divisor of 510 and 957585.
15
What is the highest common factor of 5840 and 28571470?
730
Calculate the highest common factor of 317121368 and 40.
8
What is the greatest common factor of 3448980 and 1692?
36
Calculate the highest common factor of 230268 and 1124556.
372
What is the greatest common divisor of 354312 and 15797816?
5624
What is the greatest common divisor of 363302 and 82?
2
What is the highest common divisor of 7335228 and 5248?
164
What is the greatest common divisor of 976805 and 235960?
1735
What is the greatest common divisor of 33626944 and 55962?
6218
What is the highest common divisor of 420420 and 752640?
2940
Calculate the highest common factor of 76755 and 1264375.
595
Calculate the greatest common divisor of 372 and 59855916.
372
Calculate the greatest common divisor of 15114 and 14.
2
Calculate the greatest common divisor of 11485 and 5668996.
2297
What is the greatest common factor of 498 and 45954?
6
Calculate the greatest common factor of 51089556 and 969.
969
Calculate the greatest common factor of 23450 and 441734350.
3350
Calculate the greatest common divisor of 4 and 101183182.
2
What is the highest common divisor of 1146 and 3247329093?
573
Calculate the highest common factor of 1306278 and 2418.
186
What is the greatest common divisor of 9348 and 2119659?
2337
Calculate the greatest common factor of 607616 and 393408.
64
What is the greatest common divisor of 95252205 and 60?
15
What is the highest common factor of 93 and 284281377?
93
Calculate the highest common factor of 9690161 and 13.
13
Calculate the highest common factor of 33027 and 1825575.
303
What is the highest common divisor of 2968 and 17207404?
212
What is the greatest common factor of 3598 and 126607452?
514
Calculate the highest common factor of 75095375 and 3145.
85
Calculate the highest common divisor of 4227 and 2336093820.
4227
What is the highest common factor of 4379980 and 4268?
44
What is the greatest common divisor of 270180 and 16353?
711
What is the highest common factor of 6141 and 20119963?
2047
What is the highest common divisor of 628768 and 79968?
1568
What is the highest common divisor of 903441 and 1749?
33
What is the highest common factor of 19971046 and 962?
74
Calculate the highest common factor of 1404 and 3605823.
351
What is the highest common factor of 32 and 358291952?
16
Calculate the highest common divisor of 1516516 and 135703.
1399
Calculate the highest common divisor of 451848350 and 305.
305
What is the greatest common divisor of 634926 and 47437?
3649
Calculate the greatest common factor of 35154 and 235386.
162
Calculate the greatest common factor of 15 and 7631815.
5
Calculate the greatest common factor of 116490 and 528.
66
What is the highest common divisor of 14167084 and 31768?
1444
Calculate the highest common divisor of 3809 and 8798497.
293
Calculate the highest common divisor of 151 and 2388669.
151
Calculate the greatest common factor of 486561 and 2449.
79
Calculate the greatest common divisor of 38147571 and 4158.
2079
Calculate the greatest common divisor of 59508 and 182841636.
6612
Calculate the highest common factor of 22 and 49350026.
22
What is the highest common divisor of 438112 and 3104?
32
What is the greatest common factor of 741742479 and 69?
69
What is the highest common factor of 124639 and 314355?
1103
What is the greatest common factor of 65 and 35062183?
13
Calculate the highest common divisor of 10595 and 29058010.
815
Calculate the greatest common divisor of 37677645 and 180.
45
What is the greatest common divisor of 21669686 and 106?
106
Calculate the highest common factor of 346252249 and 28.
7
What is the highest common factor of 94395134 and 1454?
1454
Calculate the greatest common factor of 6844872 and 56488.
2456
Calculate the highest common factor of 248797643 and 101.
101
What is the greatest common factor of 87608136 and 42?
42
What is the highest common divisor of 122275760 and 320?
80
Calculate the highest common divisor of 15493 and 200.
1
What is the greatest common factor of 22097 and 61104?
19
Calculate the highest common divisor of 11755653 and 16779.
357
Calculate the greatest common factor of 457624299 and 2541.
363
Calculate the greatest common factor of 704 and 32113664.
704
Calculate the greatest common factor of 26687 and 2651.
1
Calculate the greatest common divisor of 240 and 2367792.
48
What is the greatest common divisor of 8340843 and 21?
21
Calculate the greatest common factor of 29931 and 1988283.
33
Calculate the highest common factor of 28 and 23854404.
28
Calculate the greatest common divisor of 51 and 80041542.
51
What is the highest common factor of 1133 and 18335339?
1133
Calculate the highest common divisor of 2471 and 203141969.
353
Calculate the highest common divisor of 1967 and 248502912.
1967
Calculate the highest common divisor of 2453052 and 361.
19
Calculate the highest common factor of 30906 and 973422.
18
Calculate the highest common factor of 702350388 and 180.
36
Calculate the highest common divisor of 1041207 and 39.
3
Calculate the highest common factor of 30 and 34066790.
10
Calculate the highest common factor of 4009 and 1228201249.
4009
Calculate the greatest common factor of 30 and 282856380.
30
What is the greatest common divisor of 17348007 and 34?
17
Calculate the highest common divisor of 99567923 and 2223.
247
What is the greatest common factor of 1692064 and 1739375?
2783
Calculate the greatest common divisor of 7866516 and 1876.
28
Calculate the highest common divisor of 1234 and 74732.
2
What is the highest common divisor of 8821176 and 378?
42
What is the highest common divisor of 93 and 516225330?
93
What is the greatest common factor of 110508 and 13452?
12
What is the greatest common factor of 18288 and 530805136?
2032
What is the highest common factor of 689507 and 364?
91
What is the greatest common divisor of 1316382 and 43746?
138
What is the greatest common divisor of 25368 and 481770936?
3624
What is the highest common factor of 481000 and 107094000?
13000
Calculate the highest common divisor of 3376 and 14428.
4
What is the highest common factor of 2632 and 5139974?
14
Calculate the highest common factor of 118335 and 527505.
345
What is the greatest common factor of 230212 and 2739764?
268
Calculate the greatest common divisor of 52206 and 18338544.
4746
What is the greatest common divisor of 32690000 and 7005?
2335
What is the highest common divisor of 612 and 4470252?
204
Calculate the greatest common factor of 408 and 2324928.
24
What is the highest common divisor of 7524 and 26021336?
836
Calculate the highest common factor of 6657485 and 405.
5
Calculate the highest common factor of 1270374 and 2682.
894
What is the greatest common divisor of 5074134 and 9438?
78
Calculate the highest common divisor of 99287784 and 72.
72
What is the highest common factor of 2493144 and 1581?
93
Calculate the highest common divisor of 27677985 and 15.
15
What is the greatest common divisor of 20517890 and 1060?
530
What is the greatest common factor of 85987 and 1034?
11
What is the greatest common divisor of 46884528 and 216?
216
What is the greatest common factor of 470387468 and 14180?
2836
Calculate the greatest common div